 What is the remainder when 58 is divided by t?
13
Let i(d) = 2*d + 3. Let s be i(-1). Suppose -2*g + 156 = -5*f, 5*g = -5*f + 6*f + 367. What is the remainder when g is divided by (-98)/(-5) + s + (-48)/30?
16
Suppose -5*b = 5*a - 3135, 0 = -12*a + 13*a - 5. What is the remainder when b is divided by 112?
62
Let n(u) = -u**3 - 26*u**2 + 84*u - 38. What is the remainder when 185 is divided by n(-29)?
38
Let d = 4964 + -3652. What is the remainder when d is divided by 186?
10
Suppose -g = -4*f - 51, g - f = 2*f + 56. Suppose 4*j + 220 = -j. Let k = 70 + j. What is the remainder when g is divided by k?
19
Suppose 3*l + 235 = -s + 308, 0 = -3*s + 2*l + 175. What is the remainder when 678 is divided by s?
7
Let c = -23442 - -24169. Calculate the remainder when c is divided by 225.
52
Let m = -491 + 519. Let f = -130 + 183. Calculate the remainder when f is divided by m.
25
Suppose -28 = 3*j - 466. Let l = 177712 - 177560. Calculate the remainder when l is divided by j.
6
Let d = -273 + 268. Let v = 25 + 5. What is the remainder when v is divided by (((-9)/d)/(-9))/((-2)/190)?
11
Let o = 582 - 584. Calculate the remainder when 572 is divided by o - (-109)/4 - (-41)/(-164).
22
Suppose -45*a + 4463 + 5572 = 0. What is the remainder when 1761 is divided by a?
200
Suppose c + 2*z = -2, z = c + 6*z + 8. Suppose j - 160 = 5*p - 36, c*j + 5*p = 218. Calculate the remainder when j is divided by 4.
2
Let u(b) = 201*b + 13960. What is the remainder when 472 is divided by u(-69)?
17
Suppose 4*f + 54 = f. Calculate the remainder when 356/(-6)*f/12 is divided by (-2)/(-5)*(-250)/(-38 + 13).
1
Suppose 8*y - 39 - 41 = 0. Let a be 4/y + 648/180. Suppose a*m = 12, -2*v - 3*m + 67 = 2*m. What is the remainder when 46 is divided by v?
20
Let z(m) = -m**2 - 111*m + 244. Calculate the remainder when z(-61) is divided by 32.
30
Let k(p) = 214*p**2 - 2*p - 3. Suppose -3*n + 10 = 5*j, -n = -3*j - 5*n + 17. What is the remainder when k(j) is divided by 27?
24
Let u = -279 + 303. Calculate the remainder when u is divided by (-159)/(-12) - (-1)/(-8)*2.
11
Let o(s) = 49*s**2 - 394*s - 1171. What is the remainder when o(-3) is divided by 223?
6
Let a(x) = x**2 + 20*x + 13. Calculate the remainder when 19 is divided by a(0).
6
Let z(a) = 18*a - 483. Calculate the remainder when 621 is divided by z(29).
36
Suppose 416 + 160 = 4*o + 14*o. Calculate the remainder when 1242/14 - (-6)/21 is divided by o.
25
Suppose 5*p + z - 2611 = 0, -4*p + 1269 = 2*z - 815. What is the remainder when p is divided by 104?
3
Suppose 3*q + 3*l = 789, -20*q - 5*l + 1057 = -16*q. Suppose 23*y - 16 = 19*y. What is the remainder when q is divided by y?
2
Suppose -15*z = -2*z - 39000. Suppose 18*t = -7*t + z. Calculate the remainder when t is divided by 42.
36
Let g = 181 - 409. Let m = -214 - g. What is the remainder when 64 is divided by m?
8
Let b = -99 + 103. Suppose -2*p = 5*v + 3*p + 350, 5*p + 278 = -b*v. Let h = 78 + v. What is the remainder when 10 is divided by h?
4
Let c(z) = -33*z + 1. Suppose -2*k + 983 = 5*a, k = -219*a + 224*a + 439. What is the remainder when k is divided by c(-1)?
32
Suppose -4*v = -z - 170, -3*v + 59 = z - 72. Let f = -16 + v. Calculate the remainder when (163200/(-2880))/((-20)/18) is divided by f.
24
Let n(y) = -y**3 + 4*y**2 + 7*y + 7. Let o be n(-2). Suppose -o*u + 335 = 12. Let r = 28 + 2. Calculate the remainder when r is divided by u.
11
Suppose 12 = -r + 5*r, 0 = 3*w + 5*r - 1020. Let h = w - 295. Calculate the remainder when h is divided by 12.
4
Let v be ((-9)/(-24)*2)/(1/(-48)). Let n = v - -90. What is the remainder when n is divided by 14?
12
What is the remainder when (-114)/(-24 - -5) - -12082 is divided by 15?
13
Suppose -2*u = 3*k + 67, -4*k + 2*u = 3*u + 96. Let g be k/2*8/(-4). Calculate the remainder when 180 is divided by g - (3 - 4 - 0).
24
What is the remainder when 176 is divided by (146/(-10) - (-2)/(-5))*2160/(-1800)?
14
Suppose -4*f + 3098 = 5*h, -1671*f = -1668*f + 4*h - 2324. Calculate the remainder when 1544 is divided by f.
0
Suppose 10*s = 141 - 6 + 215. What is the remainder when 1362 is divided by s?
32
Let i(q) = 3*q + 2. Let r be i(0). Suppose 220 = 5*a - 5*x, 5*a - r*x + 4*x = 255. Let w = -32 + 60. Calculate the remainder when a is divided by w.
21
What is the remainder when 36 is divided by (2 - -10) + (-140)/(-56)*(-2 + 4)?
2
Let u(l) = -l**2 - 1. Let t(g) = -7*g**2 - 12*g + 32. Let s(k) = -t(k) + 6*u(k). Calculate the remainder when 127 is divided by s(-16).
23
Suppose u + 35 = 2*u. What is the remainder when u is divided by ((-21)/63)/((-5)/285)?
16
Let i(w) = 5*w**2 - 17*w - 41. What is the remainder when i(-6) is divided by 62?
55
Suppose 0 = 2*v - 3*c - 425, 4*v - 859 = -161*c + 158*c. What is the remainder when 424 is divided by v?
210
Let z(o) = o**3 - o**2. Let q(g) = -5*g**3 - 19*g**2 - g + 14. Let i(u) = -q(u) - 6*z(u). What is the remainder when 36 is divided by i(25)?
3
Let u = -6244 - -6248. What is the remainder when 1507 is divided by u?
3
Let u = 4482 - 4470. What is the remainder when 53 is divided by u?
5
Let c = -524 - -581. Let a = -60 - -90. What is the remainder when c is divided by a?
27
Suppose -3*o + 96 = 29*o. Suppose 4*v - 355 = d - 2*d, 3*d - 264 = -o*v. Calculate the remainder when v is divided by 32.
25
Suppose 4*v + t = v - 113, -3*t - 159 = 4*v. What is the remainder when 8 + v/(-9) + 598 is divided by 68?
66
Let d be 87/27 - (-3 + (-58)/(-18)). Suppose -4*v = i - 248, -4*v + d*i + 2*i = -248. Calculate the remainder when 62 is divided by 1/(v/336 - 2/14).
14
Let x be (8/14)/(3/21). Suppose x*s - 12 = 3*s. Let q = -797 + 804. What is the remainder when s is divided by q?
5
Let q = 152 + -147. Suppose 0 = d - 1, -q*a + 5*d - 6*d + 56 = 0. Calculate the remainder when 85 is divided by a.
8
Let f(r) = r + 13. Let c be f(-10). Suppose 36 - 33 = c*q. What is the remainder when 3 is divided by q?
0
Calculate the remainder when 347 is divided by 1*(159 - 4) + 16.
5
Let n be 125 + (4 + -7 - -4) - 2. Let m = -117 + n. Calculate the remainder when ((-4)/(-6))/((-6)/(-207)) is divided by m.
2
Let v(t) = -t + 23. Let g be v(18). Suppose -g*r + 534 = r. Calculate the remainder when r is divided by 24.
17
Let j(s) = s**3 + 2*s**2 - 40*s - 116. Let p(c) = -c**3 - 4*c**2 - 3*c + 6. Let w be p(-6). What is the remainder when (-3)/(-2*4/w) is divided by j(-5)?
0
Suppose -12*q + 320 = -556. Let v = 184 - -104. Calculate the remainder when v is divided by q.
69
Suppose 6 = 3*p, 72*c + 5*p = 70*c + 366. Calculate the remainder when c is divided by 142.
36
Suppose -35 = -3*x + 37. What is the remainder when 26 - (-334584)/378 - (2/14)/1 is divided by x?
23
Let m = 10910 + -10851. Calculate the remainder when 1033 is divided by m.
30
Let c = -520 - -793. Suppose 5*z - 38 - 16 = -2*s, 3*z = -3*s + 27. Suppose -219 = -z*i + c. What is the remainder when 117 is divided by i?
35
Suppose l - 2*c = 444, -2*c - 1340 = 11*l - 14*l. Let t = l + -395. What is the remainder when t is divided by 20?
13
Let c(l) = -2*l + 11 - 8*l + l + 8*l. Let g be c(16). Let o(t) = -20*t - 3. Calculate the remainder when o(g) is divided by 25.
22
Let g = -504 + 267. Let c = g + 252. What is the remainder when 237 is divided by c?
12
Let q be (-192)/(5/(9 + -4)). What is the remainder when 41 is divided by (-7)/(-35) + 1 + q/(-15)?
13
Suppose -70 = 8*v - 334 - 104. Calculate the remainder when 227 is divided by v.
43
Let p(w) = 2*w**2 + 13*w - 29. Let h be ((-5)/(-60)*6)/(1/(-146)). Let i = 76 + h. Calculate the remainder when p(i) is divided by 16.
12
Let r(j) = j**2 + 77*j + 2043. What is the remainder when r(-51) is divided by 20?
17
Let d(k) = -256*k + 70. Let a be d(2). Let z = -405 - a. Calculate the remainder when 121 is divided by z.
10
Let r = -44 - -81. Let c be 376/12 + 24/9 + -3. Suppose -32*b + 25 = -c*b. What is the remainder when r is divided by b?
12
Let p = -58 - -96. Suppose -4*s + 76 = 5*h, -5*s + p = -3*s - 5*h. Suppose 5*l - 2*a = 34 + 52, -l + a = -s. Calculate the remainder when 39 is divided by l.
7
Suppose -11*y + 12*y = 12. Let g(h) = 3*h**2 - 20*h + 64. Calculate the remainder when g(y) is divided by 52.
48
Calculate the remainder when -22 - (-589)/(-57)*-27 is divided by 250.
7
Suppose 23*z - 16*z - 112 = 0. What is th